a composite number?
False
Is 1050227 prime?
False
Is 17734169 prime?
True
Is 15183067 composite?
False
Is 64340317 composite?
True
Is 112595491 prime?
True
Is 59644283 composite?
False
Is 23541394 a prime number?
False
Is 2633023 a prime number?
True
Is 1191427709 composite?
False
Is 7927393 prime?
True
Is 2412845 composite?
True
Is 377929301 prime?
False
Is 233213867 composite?
True
Is 18585119 prime?
False
Is 649544443 a prime number?
True
Is 5844907 composite?
True
Is 3955877 composite?
False
Is 498181 a composite number?
False
Is 1989479 a prime number?
True
Is 27604961 prime?
True
Is 59085883 a composite number?
True
Is 222415883 composite?
False
Is 134167849 a prime number?
False
Is 5560193 a composite number?
False
Is 23236799 composite?
True
Is 8384057 a composite number?
True
Is 34410982 a prime number?
False
Is 6335011 prime?
True
Is 3759073 composite?
True
Is 175144621 composite?
False
Is 8787763 a prime number?
True
Is 12865399 prime?
True
Is 18841183 a composite number?
True
Is 48326129 composite?
False
Is 6415781 prime?
False
Is 120455131 prime?
True
Is 99516269 a composite number?
False
Is 241589735 a prime number?
False
Is 3690653 composite?
True
Is 349475881 composite?
True
Is 1828801 a prime number?
False
Is 47084263 composite?
True
Is 23056351 composite?
False
Is 275489 a prime number?
True
Is 20418467 prime?
True
Is 38299 prime?
True
Is 43933 a prime number?
True
Is 1735753 a prime number?
True
Is 10261697 a composite number?
False
Is 133283 prime?
True
Is 77760413 a composite number?
False
Is 179057 a prime number?
True
Is 4507133 composite?
False
Is 480848062 a composite number?
True
Is 21917195 a composite number?
True
Is 561756011 composite?
False
Is 5737733 composite?
True
Is 35361026 prime?
False
Is 1099193 a composite number?
True
Is 423497 composite?
False
Is 79443263 a composite number?
True
Is 1194397411 a composite number?
False
Is 12271313 prime?
True
Is 2596001 a prime number?
True
Is 1274359 composite?
True
Is 11076323 a composite number?
False
Is 376412077 composite?
False
Is 16129865 a prime number?
False
Is 1180099 a composite number?
False
Is 96678289 composite?
True
Is 11474431 composite?
False
Is 1067537 prime?
True
Is 19315259 a prime number?
False
Is 132017131 prime?
False
Is 37384811 prime?
True
Is 1893721 composite?
True
Is 715751353 a composite number?
False
Is 15332173 a prime number?
True
Is 27789869 composite?
False
Is 108473923 prime?
False
Is 5740131 prime?
False
Is 4882211 a prime number?
True
Is 2527559 a composite number?
False
Is 10669331 prime?
False
Is 28274699 prime?
True
Is 5298859 a composite number?
True
Is 21953566 prime?
False
Is 17314487 prime?
True
Is 390617 composite?
True
Is 5747449 prime?
True
Is 54373303 composite?
False
Is 83829137 a composite number?
True
Is 30618827 composite?
False
Is 148843 a prime number?
False
Is 74601187 a composite number?
False
Is 104919926 composite?
True
Is 442713043 a composite number?
True
Is 20438087 prime?
True
Is 4049107 composite?
False
Is 7257637 prime?
False
Is 416747 prime?
False
Is 6851987 composite?
False
Is 739171511 a composite number?
True
Is 546530813 composite?
False
Is 39465817 prime?
True
Is 6067603 a composite number?
True
Is 1370483 a prime number?
True
Is 2128641 composite?
True
Is 207351893 a composite number?
True
Is 1832927 composite?
False
Is 29192507 a composite number?
False
Is 1173521 a composite number?
False
Is 6395597 composite?
True
Is 17921714 composite?
True
Is 22993393 composite?
False
Is 24296681 composite?
True
Is 11236927 a prime number?
False
Is 306689 a prime number?
True
Is 679533 prime?
False
Is 62775913 a prime number?
True
Is 111095587 composite?
True
Is 125140537 composite?
True
Is 485585 a prime number?
False
Is 673053163 a composite number?
True
Is 153905239 composite?
False
Is 305827 composite?
True
Is 44607869 composite?
False
Is 24513103 a prime number?
True
Is 4321349 a prime number?
False
Is 8541703 prime?
False
Is 1954483 a composite number?
False
Is 74641183 prime?
True
Is 152014783 a prime number?
True
Is 3353299 a composite number?
True
Is 61093793 prime?
True
Is 223763 prime?
False
Is 13183529 a composite number?
True
Is 117617 a prime number?
True
Is 106491821 a prime number?
True
Is 186097 composite?
False
Is 17004283 prime?
False
Is 83949107 a composite number?
True
Is 681432449 a prime number?
True
Is 195140105 prime?
False
Is 2292523 composite?
False
Is 91546181 a composite number?
False
Is 8053249 composite?
False
Is 13780733 a composite number?
False
Is 12874987 a prime number?
True
Is 346602031 a prime number?
True
Is 12082717 a composite number?
False
Is 2582929 prime?
False
Is 24755069 a composite number?
False
Is 3715609 prime?
False
Is 11040503 a prime number?
False
Is 11726887 a prime number?
True
Is 58889 composite?
False
Is 22558621 composite?
True
Is 2866951 prime?
True
Is 1410628795 composite?
True
Is 10340917 composite?
False
Is 2811491 composite?
True
Is 6288493 a prime number?
True
Is 547201 composite?
True
Is 5458331 prime?
True
Is 42238913 a composite number?
False
Is 3903769 a prime number?
True
Is 122432911 a composite number?
True
Is 877983 a prime number?
False
Is 4764827 a composite number?
True
Is 9608899 prime?
False
Is 3505391 prime?
True
Is 5024777 a prime number?
True
Is 47886187 a prime number?
True
Is 197757539 prime?
False
Is 2210939 a composite number?
False
Is 42382877 a prime number?
True
Is 16347283 composite?
False
Is 146853587 prime?
False
Is 52875241 a composite number?
False
Is 5209445 a composite number?
True
Is 324361 prime?
True
Is 76590677 a prime number?
False
Is 1933319 prime?
False
Is 21373453 a composite number?
True
Is 392022341 composite?
False
Is 1752251 composite?
True
Is 152238802 composite?
True
Is 12430909 a prime number?
False
Is 73303963 prime?
False
Is 27682481 composite?
False
Is 111455543 a composite number?
True
Is 1141717 a composite number?
False
Is 7407977 a composite number?
True
Is 756473 prime?
False
Is 1051142137 a composite number?
False
Is 78738711 composite?
True
Is 4055983 a prime number?
True
Is 108614333 a prime number?
True
Is 32099297 prime?
False
Is 17244697 prime?
False
Is 460195129 a composite number?
True
Is 80350049 a composite number?
True
Is 9800207 prime?
True
Is 4785355 a prime number?
False
Is 45516473 a prime number?
False
Is 5321791 a composite number?
True
Is 20392607 a composite number?
True
Is 99116603 prime?
False
Is 2979005 prime?
False
Is 2537837 a composite number?
False
Is 11072749 prime?
False
Is 268203979 a composite number?
True
Is 410066689 a prime number?
True
Is 120931487 prime?
True
Is 2797783 prime?
True
Is 18251347 a prime number?
True
Is 33129029 composite?
True
Is 18016469 composite?
False
Is 141842587 composite?
True
Is 6307657 prime?
True
Is 3430069 a prime number?
False
Is 554603 composite?
True
Is 35097017 a prime number?
True
Is 3438329 a prime number?
False
Is 22747217 a prime number?
True
Is 13974299 a prime number?
True
Is 12897659 a prime number?
True
Is 8377763 prime?
False
Is 4467851 prime?
True
Is 21662191 composite?
True
Is 39547 prime?
False
Is 152480017 prime?
True
Is 24551771 a prime number?
True
Is 1001773 a composite number?
True
Is 8677951 a composite number?
False
Is 4853 prime?
False
Is 2546891 a prime number?
True
Is 199942997 a composite number?
False
Is 55271413 composite?
False
Is 11643737 a composite number?
True
Is 8869423 a composite number?
False
Is 971784967 a composite number?
False
Is 837583 a prime number?
True
Is 482651353 a composite number?
False
Is 26822183 a composite number?
False
Is 2265323 a prime number?
True
Is 6233659 a prime number?
True
Is 4846262 prime?
False
Is 6377219 composite?
True
Is 151692701 composite?
False
Is 201668633 a composite number?
False
Is 254337317 a composite number?
True
Is 206749 a composite number?
False
Is 303342073 a composite number?
True
Is 5909801 prime?
False
Is 4401779 prime?
False
Is 9084587 a prime number?
True
Is 25493719 composite?
True
Is 5965387 a composite number?
True
Is 64885993 prime?
True
Is 9263647 a prime number?
True
Is 1191779 composite?
True
Is 4175767 a composite number?
True
Is 61348823 a composite number?
False
Is 11966587 a prime number?
False
Is 6936443 prime?
False
Is 242496493 a com